{"id":21,"date":"2011-07-20T07:33:06","date_gmt":"2011-07-20T07:33:06","guid":{"rendered":"http:\/\/bertola-fils.ch\/site\/?page_id=21"},"modified":"2025-01-28T09:26:40","modified_gmt":"2025-01-28T07:26:40","slug":"emplois","status":"publish","type":"page","link":"https:\/\/www.bertola.ch\/site\/emplois\/","title":{"rendered":"Emplois"},"content":{"rendered":"\t\t<div data-elementor-type=\"wp-post\" data-elementor-id=\"21\" class=\"elementor elementor-21\">\n\t\t\t\t\t\t<section class=\"elementor-section elementor-top-section elementor-element elementor-element-ntouqru elementor-section-boxed elementor-section-height-default elementor-section-height-default\" data-id=\"ntouqru\" data-element_type=\"section\">\n\t\t\t\t\t\t<div class=\"elementor-container elementor-column-gap-default\">\n\t\t\t\t\t<div class=\"elementor-column elementor-col-100 elementor-top-column elementor-element elementor-element-irbcggp\" data-id=\"irbcggp\" data-element_type=\"column\">\n\t\t\t<div class=\"elementor-widget-wrap elementor-element-populated\">\n\t\t\t\t\t\t<div class=\"elementor-element elementor-element-zanctsg elementor-widget elementor-widget-heading\" data-id=\"zanctsg\" data-element_type=\"widget\" data-widget_type=\"heading.default\">\n\t\t\t\t<div class=\"elementor-widget-container\">\n\t\t\t\t\t<h1 class=\"elementor-heading-title elementor-size-default\">Postes disponibles<\/h1>\t\t\t\t<\/div>\n\t\t\t\t<\/div>\n\t\t\t\t\t<\/div>\n\t\t<\/div>\n\t\t\t\t\t<\/div>\n\t\t<\/section>\n\t\t\t\t<section class=\"elementor-section elementor-top-section elementor-element elementor-element-x9q0yp0 elementor-section-boxed elementor-section-height-default elementor-section-height-default\" data-id=\"x9q0yp0\" data-element_type=\"section\">\n\t\t\t\t\t\t<div class=\"elementor-container elementor-column-gap-default\">\n\t\t\t\t\t<div class=\"elementor-column elementor-col-100 elementor-top-column elementor-element elementor-element-6hrior4\" data-id=\"6hrior4\" data-element_type=\"column\">\n\t\t\t<div class=\"elementor-widget-wrap elementor-element-populated\">\n\t\t\t\t\t\t<div class=\"elementor-element elementor-element-z45x7lo elementor-widget elementor-widget-text-editor\" data-id=\"z45x7lo\" data-element_type=\"widget\" data-widget_type=\"text-editor.default\">\n\t\t\t\t<div class=\"elementor-widget-container\">\n\t\t\t\t\t\t\t\t\t<p><em><a href=\"http:\/\/www.bertola.ch\/site\/wp-content\/uploads\/2011\/07\/26.jpg\" rel=\"lightbox[21]\"><img fetchpriority=\"high\" decoding=\"async\" class=\"aligncenter size-large wp-image-483\" src=\"http:\/\/www.bertola.ch\/site\/wp-content\/uploads\/2011\/07\/26-1024x329.jpg\" alt=\"\" width=\"750\" height=\"241\" srcset=\"https:\/\/www.bertola.ch\/site\/wp-content\/uploads\/2011\/07\/26-1024x329.jpg 1024w, https:\/\/www.bertola.ch\/site\/wp-content\/uploads\/2011\/07\/26-300x96.jpg 300w, https:\/\/www.bertola.ch\/site\/wp-content\/uploads\/2011\/07\/26-768x247.jpg 768w, https:\/\/www.bertola.ch\/site\/wp-content\/uploads\/2011\/07\/26.jpg 1120w\" sizes=\"(max-width: 750px) 100vw, 750px\" \/><\/a><br \/><\/em><\/p>\t\t\t\t\t\t\t\t<\/div>\n\t\t\t\t<\/div>\n\t\t\t\t\t<\/div>\n\t\t<\/div>\n\t\t\t\t\t<\/div>\n\t\t<\/section>\n\t\t\t\t<section class=\"elementor-section elementor-top-section elementor-element elementor-element-788a75e elementor-section-boxed elementor-section-height-default elementor-section-height-default\" data-id=\"788a75e\" data-element_type=\"section\">\n\t\t\t\t\t\t<div class=\"elementor-container elementor-column-gap-default\">\n\t\t\t\t\t<div class=\"elementor-column elementor-col-100 elementor-top-column elementor-element elementor-element-21c61c3\" data-id=\"21c61c3\" data-element_type=\"column\">\n\t\t\t<div class=\"elementor-widget-wrap elementor-element-populated\">\n\t\t\t\t\t\t<div class=\"elementor-element elementor-element-0fe026a elementor-widget elementor-widget-text-editor\" data-id=\"0fe026a\" data-element_type=\"widget\" data-widget_type=\"text-editor.default\">\n\t\t\t\t<div class=\"elementor-widget-container\">\n\t\t\t\t\t\t\t\t\t<h2 class=\"elementor-heading-title elementor-size-default elementor-inline-editing pen\" contenteditable=\"true\" data-elementor-setting-key=\"title\" data-pen-placeholder=\"\u00c9crivez ici...\">Chef d&rsquo;\u00e9quipe Bricoles<\/h2><p>\u00a0<\/p><p><b><span style=\"font-size: 14.0pt; font-family: 'Arial Narrow',sans-serif; mso-fareast-font-family: 'Times New Roman'; mso-bidi-font-family: 'Times New Roman'; color: black; mso-fareast-language: FR-CH;\"><u>Savoir<\/u><\/span><\/b><\/p><ul><li><!--[endif]--><span style=\"font-size: 14pt; font-family: 'Arial Narrow', sans-serif;\">Responsable d\u00b4une petite \u00e9quipe pour travaux de G\u00e9nie Civil ou b\u00e2timent<\/span><\/li><\/ul><p style=\"margin-bottom: 0cm; line-height: normal; background-image: initial; background-position: initial; background-size: initial; background-repeat: initial; background-attachment: initial; background-origin: initial; background-clip: initial;\"><span style=\"text-decoration: underline;\"><b><span style=\"font-size: 14pt; font-family: 'Arial Narrow', sans-serif; color: black; text-decoration: underline;\">Savoir-faire<\/span><\/b><\/span><\/p><p style=\"margin: 0cm 0cm 0cm 87pt; line-height: normal; background-image: initial; background-position: initial; background-size: initial; background-repeat: initial; background-attachment: initial; background-origin: initial; background-clip: initial;\"><span style=\"font-size: 10.5pt; font-family: 'Arial Narrow', sans-serif;\">\u00a0<\/span><\/p><ul><li><!-- [if !supportLists]--><span style=\"font-size: 14pt; font-family: 'Arial Narrow', sans-serif;\">Responsable d\u00b4une petite \u00e9quipe pour travaux de G\u00e9nie Civil ou b\u00e2timent<\/span><\/li><li><span style=\"font-size: 14pt; font-family: 'Arial Narrow', sans-serif;\">Faire les rapports de chantier, m\u00e9tr\u00e9s et commande de mat\u00e9riaux<\/span><\/li><li><span style=\"font-size: 14pt; font-family: 'Arial Narrow', sans-serif;\">Lecture de plans<\/span><\/li><li><span style=\"font-size: 14pt; font-family: 'Arial Narrow', sans-serif;\">Respect des d\u00e9lais donn\u00e9s<\/span><\/li><\/ul><p style=\"margin-bottom: 0cm; line-height: normal; background-image: initial; background-position: initial; background-size: initial; background-repeat: initial; background-attachment: initial; background-origin: initial; background-clip: initial;\"><span style=\"font-size: 16pt; font-family: 'Arial Narrow', sans-serif;\">\u00a0<\/span><\/p><p style=\"margin-bottom: 0cm; line-height: normal; background-image: initial; background-position: initial; background-size: initial; background-repeat: initial; background-attachment: initial; background-origin: initial; background-clip: initial;\"><span style=\"text-decoration: underline;\"><b><span style=\"font-size: 14pt; font-family: 'Arial Narrow', sans-serif; color: black; text-decoration: underline;\">Savoir-\u00eatre<\/span><\/b><\/span><\/p><p style=\"margin: 0cm 0cm 0cm 87pt; line-height: normal; background-image: initial; background-position: initial; background-size: initial; background-repeat: initial; background-attachment: initial; background-origin: initial; background-clip: initial;\"><span style=\"font-size: 10.5pt; font-family: 'Arial Narrow', sans-serif;\">\u00a0<\/span><\/p><ul><li><!-- [if !supportLists]--><span style=\"font-size: 14pt; font-family: 'Arial Narrow', sans-serif;\">Exp\u00e9rience confirm\u00e9e de chef d\u00b4\u00e9quipe b\u00e2timent de 3 ans minimum<\/span><\/li><li><span style=\"font-size: 14pt; font-family: 'Arial Narrow', sans-serif;\">Bonnes connaissances du fran\u00e7ais<\/span><\/li><li><span style=\"font-size: 14pt; font-family: 'Arial Narrow', sans-serif;\">Responsable et organis\u00e9<\/span><\/li><li><span style=\"font-size: 14pt; font-family: 'Arial Narrow', sans-serif;\">Esprit d&rsquo;\u00e9quipe<\/span><\/li><li><span style=\"font-size: 14pt; font-family: 'Arial Narrow', sans-serif;\">Respectueux<\/span><\/li><li><span style=\"font-size: 14pt; font-family: 'Arial Narrow', sans-serif;\">Permis de conduire obligatoire<\/span><\/li><li><span style=\"font-size: 14pt; font-family: 'Arial Narrow', sans-serif;\">Permis de machiniste M1 un atout<\/span><\/li><\/ul><p><br \/>Entr\u00e9e en service \u00e0 convenir<\/p><p><strong>Ecrire avec les documents usuels \u00e0 : <a href=\"mailto:info@bertola.ch\">info@bertola.ch<\/a><\/strong><\/p>\t\t\t\t\t\t\t\t<\/div>\n\t\t\t\t<\/div>\n\t\t\t\t<div class=\"elementor-element elementor-element-eceeaf8 elementor-widget-divider--view-line elementor-widget elementor-widget-divider\" data-id=\"eceeaf8\" data-element_type=\"widget\" data-widget_type=\"divider.default\">\n\t\t\t\t<div class=\"elementor-widget-container\">\n\t\t\t\t\t\t\t<div class=\"elementor-divider\">\n\t\t\t<span class=\"elementor-divider-separator\">\n\t\t\t\t\t\t<\/span>\n\t\t<\/div>\n\t\t\t\t\t\t<\/div>\n\t\t\t\t<\/div>\n\t\t\t\t\t<\/div>\n\t\t<\/div>\n\t\t\t\t\t<\/div>\n\t\t<\/section>\n\t\t\t\t<section class=\"elementor-section elementor-top-section elementor-element elementor-element-fdfd9c0 elementor-section-boxed elementor-section-height-default elementor-section-height-default\" data-id=\"fdfd9c0\" data-element_type=\"section\">\n\t\t\t\t\t\t<div class=\"elementor-container elementor-column-gap-default\">\n\t\t\t\t\t<div class=\"elementor-column elementor-col-100 elementor-top-column elementor-element elementor-element-fc21b8b\" data-id=\"fc21b8b\" data-element_type=\"column\">\n\t\t\t<div class=\"elementor-widget-wrap elementor-element-populated\">\n\t\t\t\t\t\t<div class=\"elementor-element elementor-element-751614e elementor-widget elementor-widget-text-editor\" data-id=\"751614e\" data-element_type=\"widget\" data-widget_type=\"text-editor.default\">\n\t\t\t\t<div class=\"elementor-widget-container\">\n\t\t\t\t\t\t\t\t\t<h2>PLACES DISPONIBLES<\/h2><p><a href=\"http:\/\/www.bertola.ch\/site\/wp-content\/uploads\/2025\/01\/AFFICHE_RECRUTEMENT_EMPLOI-copie.png\" rel=\"lightbox[21]\"><img decoding=\"async\" class=\"aligncenter size-full wp-image-838\" src=\"http:\/\/www.bertola.ch\/site\/wp-content\/uploads\/2025\/01\/AFFICHE_RECRUTEMENT_EMPLOI-copie.png\" alt=\"\" width=\"800\" height=\"800\" srcset=\"https:\/\/www.bertola.ch\/site\/wp-content\/uploads\/2025\/01\/AFFICHE_RECRUTEMENT_EMPLOI-copie.png 800w, https:\/\/www.bertola.ch\/site\/wp-content\/uploads\/2025\/01\/AFFICHE_RECRUTEMENT_EMPLOI-copie-300x300.png 300w, https:\/\/www.bertola.ch\/site\/wp-content\/uploads\/2025\/01\/AFFICHE_RECRUTEMENT_EMPLOI-copie-150x150.png 150w, https:\/\/www.bertola.ch\/site\/wp-content\/uploads\/2025\/01\/AFFICHE_RECRUTEMENT_EMPLOI-copie-768x768.png 768w, https:\/\/www.bertola.ch\/site\/wp-content\/uploads\/2025\/01\/AFFICHE_RECRUTEMENT_EMPLOI-copie-144x144.png 144w, https:\/\/www.bertola.ch\/site\/wp-content\/uploads\/2025\/01\/AFFICHE_RECRUTEMENT_EMPLOI-copie-125x125.png 125w\" sizes=\"(max-width: 800px) 100vw, 800px\" \/><\/a><\/p><p>Entr\u00e9e en service \u00e0 convenir<\/p><p><strong>Ecrire avec les documents usuels \u00e0 : <a href=\"mailto:info@bertola.ch\">info@bertola.ch<\/a><\/strong><\/p>\t\t\t\t\t\t\t\t<\/div>\n\t\t\t\t<\/div>\n\t\t\t\t\t<\/div>\n\t\t<\/div>\n\t\t\t\t\t<\/div>\n\t\t<\/section>\n\t\t\t\t<\/div>\n\t\t","protected":false},"excerpt":{"rendered":"<p>Postes disponibles Chef d&rsquo;\u00e9quipe Bricoles \u00a0 Savoir Responsable d\u00b4une petite \u00e9quipe pour travaux de G\u00e9nie Civil ou b\u00e2timent Savoir-faire \u00a0 Responsable d\u00b4une petite \u00e9quipe pour travaux de G\u00e9nie Civil ou b\u00e2timent Faire les rapports de chantier, m\u00e9tr\u00e9s et commande de mat\u00e9riaux Lecture de plans Respect des d\u00e9lais donn\u00e9s \u00a0 Savoir-\u00eatre \u00a0 Exp\u00e9rience confirm\u00e9e de chef [&hellip;]<\/p>\n","protected":false},"author":1,"featured_media":0,"parent":0,"menu_order":0,"comment_status":"closed","ping_status":"open","template":"","meta":{"om_disable_all_campaigns":false,"_monsterinsights_skip_tracking":false,"_monsterinsights_sitenote_active":false,"_monsterinsights_sitenote_note":"","_monsterinsights_sitenote_category":0,"footnotes":""},"aioseo_notices":[],"jetpack_sharing_enabled":true,"_links":{"self":[{"href":"https:\/\/www.bertola.ch\/site\/wp-json\/wp\/v2\/pages\/21"}],"collection":[{"href":"https:\/\/www.bertola.ch\/site\/wp-json\/wp\/v2\/pages"}],"about":[{"href":"https:\/\/www.bertola.ch\/site\/wp-json\/wp\/v2\/types\/page"}],"author":[{"embeddable":true,"href":"https:\/\/www.bertola.ch\/site\/wp-json\/wp\/v2\/users\/1"}],"replies":[{"embeddable":true,"href":"https:\/\/www.bertola.ch\/site\/wp-json\/wp\/v2\/comments?post=21"}],"version-history":[{"count":51,"href":"https:\/\/www.bertola.ch\/site\/wp-json\/wp\/v2\/pages\/21\/revisions"}],"predecessor-version":[{"id":841,"href":"https:\/\/www.bertola.ch\/site\/wp-json\/wp\/v2\/pages\/21\/revisions\/841"}],"wp:attachment":[{"href":"https:\/\/www.bertola.ch\/site\/wp-json\/wp\/v2\/media?parent=21"}],"curies":[{"name":"wp","href":"https:\/\/api.w.org\/{rel}","templated":true}]}}